se -2*j + 3 = 3*x + 4, 3*j + 3*x + 3 = 0. Let k(a) = -2729*a + 73. Is k(j) a composite number?
False
Suppose 5*u + 4*t - 539302 = 7*t, 2*t = 2. Is u prime?
False
Let f(t) = t**3 + 5*t**2 - 13*t + 13. Let d be f(-7). Is 1660 - (d - -4 - 7) a composite number?
False
Let p = 49 + -52. Let c be -743*-6*(-2 - p). Is (-2 - -1)/((-6)/c) prime?
True
Suppose 3*o + 0*o = b + 4, o - 3*b = -4. Let g be o/((-7)/((-42)/4)) - -12. Is ((-1865)/g)/(1/(-3)) composite?
False
Suppose 89 = 3*k - 2*t, k - 2*k + 4*t + 23 = 0. Let j = 20 - k. Let y(h) = -132*h + 17. Is y(j) composite?
True
Suppose 122*g = 196*g - 6301914. Is g a composite number?
True
Suppose -3*x + 1 = 3*j - 5, 5*x - 19 = 4*j. Is 14498 + j/3 + 50/15 composite?
True
Suppose 795 = 3*m + 3*d, 2*m - 510 = -9*d + 11*d. Let p = m - -3675. Is p a composite number?
True
Suppose 16*b + 1200 = -0*b. Suppose 2*f = 211 + 87. Let t = f + b. Is t prime?
False
Let s = -63 - -87. Let l be s/16*2*-12. Is (-1)/6 + (-132162)/l a composite number?
False
Suppose -w + 4*t - 3 + 2 = 0, 30 = 4*w + t. Suppose w = 2*b + 5*x, -6 = -4*b + x - 3*x. Is (-4*3/36)/(b/(-2361)) composite?
False
Suppose 5*h - 2979 = 4371. Suppose h = 3*q - 1044. Is q a prime number?
False
Let p(i) = i**2 - 13*i - 16. Let k be p(14). Is k - (-1 - (268 + -5)) prime?
False
Is 13 + 23/(-46)*-193260 prime?
True
Suppose 6 = -3*x + 33. Suppose 0 = x*z - 8625 + 2244. Is z a composite number?
False
Suppose d + 4*b = 4*d + 1, 5*d - 4 = b. Is (73590/30)/(d/1) composite?
True
Suppose 4*y = f + 16, -3*y = 4*f - 0*f - 31. Suppose -15 = y*p, 2*p - p = -g - 5. Is ((-55)/15)/(g - (-1419)/711) composite?
True
Suppose -54*d = -62*d - 18448. Let i = -1317 - d. Is i composite?
True
Let o(y) = 8334*y + 206. Let d be o(13). Suppose d = 44*m - 0*m. Is m composite?
False
Let a(b) = -b**3 + 93*b**2 - 294*b + 205. Is a(53) a prime number?
False
Let x = -5316 - -10708. Suppose x + 4841 = 3*y. Let z = y - 2428. Is z composite?
False
Suppose 29007 = 8*v + 8231. Suppose -v = 114*b - 121*b. Is b composite?
True
Let r(u) be the second derivative of -u**3/6 + u**2 + 6*u. Suppose -4*p - 5*s - 41 = 0, 5*s + 1 + 4 = 0. Is r(p) prime?
True
Let k be (61 + -55)*(19/(-3) + 2). Let c = 118 - 61. Let a = c + k. Is a prime?
True
Let b(n) = 4*n - 3*n**2 - n**2 + 7 + 9*n**2. Let f = 1059 + -1053. Is b(f) composite?
False
Let n(x) = x**2 - 6*x. Let j be n(6). Suppose j = 6*c - 7*c + 143. Let b = -90 + c. Is b composite?
False
Suppose 5*a - 2*p - 1479135 = 3128766, -3*a = p - 2764745. Is a prime?
True
Let a(w) = -4999*w - 1283. Is a(-14) prime?
False
Let p = -32 - -60. Let n = 32 - p. Suppose -n*j + c + 1794 = -c, 2*j + 2*c = 900. Is j a prime number?
True
Let l = -130974 - -510811. Is l composite?
False
Let z = -69 - -86. Suppose -16*v + z*v = 24. Is ((-4046)/(-3))/1 - (-8)/v a prime number?
False
Suppose -54*s - 2368725 + 5099791 = -5871728. Is s composite?
False
Suppose 14*c - 3*q - 83 = 9*c, -4*q = 3*c - 44. Suppose 0 = c*u + 2*u - 21798. Is u prime?
False
Let l(b) = -b**3 - 4*b**2 + 12*b + 33. Let h be l(-5). Let r = 221 - h. Is r a composite number?
False
Suppose p + 12 = 3*h, -h = 5*p - 6 + 2. Suppose -12 = -h*k + 80. Suppose x - 610 = -k. Is x a composite number?
False
Suppose -3*h + 1213992 = 3*s, 26*h + 4*s = 23*h + 1213985. Is h composite?
False
Suppose 4 = g - 0. Suppose -3*o - 5 = -h + 4, g*h - o = 14. Suppose h*x - 3*a = -5*a + 1397, a + 1870 = 4*x. Is x a prime number?
True
Suppose 5*s = 5*p - 10415, 5*p - 8*s - 10455 = -13*s. Let v = 11010 - p. Is v composite?
False
Let c be 3/5 + (-680)/(-200). Suppose -2*o + 5599 = 5*w - 8*w, 11194 = c*o - 2*w. Is o a composite number?
True
Is 5/50*2847388*210/84 prime?
True
Suppose 0 = 80*l - 36*l - 3284732. Is l prime?
True
Suppose 30*u - 66 = -6. Suppose 3190 = u*c - b, 5511 = 3*c - 5*b + 740. Is c a composite number?
False
Is (-2768232)/(-16)*(-14)/(-15) - (-330)/(-275) prime?
False
Let n(a) = -2*a**2 + 13*a - 3. Let u be n(6). Suppose 0 = -f - u*g + 656, 5*f - 119 - 3101 = 5*g. Is f a composite number?
False
Let y = -261 + 261. Suppose 39*b - 38*b - 4262 = y. Is b composite?
True
Let n(l) = -58033*l - 86. Let m be n(-6). Is -9 - -12 - (-9)/(36/m) a composite number?
True
Let j(t) = 3*t**2 + 7*t - 13756. Let o be j(0). Let l = o + 19695. Is l composite?
False
Let c be (-1)/((1/2)/((-85)/10)). Suppose 5*l - 2*g = 54557, -c*l + 4*g = -12*l - 54549. Is l a prime number?
False
Suppose -s = 4*g - 345287, 231 = 5*s + 216. Is g a prime number?
False
Let s(k) = 30*k**3 + 12*k**2 - 62*k + 27. Is s(11) composite?
True
Let d = -7356 - -42847. Is d composite?
False
Let q(b) = 54*b**2 + 11*b - 15. Let j be q(2). Let p = -149 + j. Is p prime?
False
Let w = 57507 - 34258. Is w composite?
True
Let u(y) be the third derivative of y**7/168 - y**6/120 + y**5/40 + y**4/8 + 3*y**3 + 7*y**2. Let a(b) be the first derivative of u(b). Is a(4) composite?
True
Let d(g) = 162*g - 65. Let i(p) = -324*p + 128. Let f(a) = 11*d(a) + 6*i(a). Is f(-26) a composite number?
True
Is ((-1132)/566)/(2/(-20)*8/195838) prime?
False
Suppose 40*d + 95476 = -39*d + 83*d. Is d prime?
True
Let v(x) be the second derivative of -217*x**3/3 + 97*x**2/2 + 76*x. Is v(-18) a prime number?
False
Let g = -10 - -17. Suppose g*c - 26107 = -9426. Is c a composite number?
False
Let a(n) = 78*n**3 - 14*n**2 + 9*n + 6. Let y be a(10). Suppose 12*d - 20*d + y = 0. Is d a prime number?
True
Suppose 60752 = n - 3*h + 6*h, 3*n = 7*h + 182336. Is n composite?
True
Suppose 11 = l - 1. Suppose -3*t + 7*t = -l. Let f(h) = h**3 + 7*h**2 + 4*h - 1. Is f(t) prime?
True
Suppose 0 = -3*o - 2*h - 19, -4*o - 4*h = -5*h + 18. Let x be -2 + o/(15/(-12)). Suppose 4*a + 490 = x*n, 5*n + 7*a - 3*a = 1267. Is n a prime number?
True
Let u be ((-20)/(-50))/((-62)/60 - -1). Let w be 45988/u + (-2)/(-6). Is (3*-1 - w/(-12))*-9 a composite number?
True
Let n = 324 - 319. Suppose 0 = n*c - 3*s - 5699, -3429 = -3*c - s - 2*s. Is c composite?
True
Suppose 9*i - 4340969 = -4*a, -2*i - 4*a + 2*a + 964662 = 0. Is i a prime number?
False
Let w(k) = -222*k**3 - 108*k**2 - 6*k - 31. Is w(-6) a composite number?
True
Suppose l - 5603 = i, -8*l - 182*i + 184*i + 44800 = 0. Is l a composite number?
True
Let p(n) = n**2 - 28*n - 59. Let k be p(30). Let y be (29863/8)/k + (-1)/(-8). Suppose -2*d - 1049 = 2*z - y, -2*d + 4*z = -2690. Is d a prime number?
False
Suppose 0 = 873*v - 1146*v + 108894513. Is v composite?
True
Is -501932*(-12 + (-752)/(-64)) a prime number?
False
Let l(y) = 305*y**2 + 34*y - 540. Is l(11) a prime number?
True
Suppose -51*t = 96*t - 12121179. Is t composite?
False
Let c(m) = -913*m + 8507. Is c(-10) a composite number?
True
Suppose -3*b + 565675 = 5*t, 3*t - 66808 - 272631 = 5*b. Is t a prime number?
False
Let s(g) = -38773*g - 2158. Is s(-5) prime?
True
Let r be 14/20*5*-2. Let g(w) = -12*w**3 - 10*w**2 + 2*w + 29. Is g(r) a composite number?
True
Let k = -4 + 6. Suppose 4*v - 6*v - 3*o = -7, 0 = -v - 3*o + 5. Suppose 0 = -4*g + v*q + q + 2518, g - 627 = k*q. Is g a prime number?
True
Is 2/6*(-18 - -21)*156307 a composite number?
False
Suppose 3*q = 3*h - q - 11, 5*q - 30 = -5*h. Suppose -4*n = -2*n - h*s - 10610, 0 = 5*s. Suppose 3*y - n = -3*v - 1759, 0 = -4*y - v + 4743. Is y composite?
False
Let p = -187 - -191. Is p/(1*(-4)/(-887)) a prime number?
True
Let f be (-69)/23*1748/6. Is (-76)/f + (-35487)/(-23) composite?
False
Suppose 0 = -5*v + 7*v - 16. Let z be 5 + -100*(1 + -65). Suppose v*o - z = 803. Is o a composite number?
True
Let c(z) = -39277*z**2 + 3*z + 2. Let m be c(-1). Is m/(-8) - (-12)/(-16) a prime number?
True
Is -65378*1*8/(-96)*6 a prime number?
False
Suppose -16*t + 22*t - 119646 = 0. Suppose 4*y - t = -5*n + 50836, 0 = 5*y - 4*n - 88461. Is y a prime number?
False
Let t = 4387 - -4500. Is t a composite number?
False
Suppose -3*g - 1047 = -2*u, -g = -3*u - 2*u + 2611. Let s = 1411 - 1404. Suppose s*p - 1663 = -u. Is p prime?
True
Is 109721 + ((-25)/((-150)/36) - 10) a composite number?
False
Let q be 27026/(-6) - (-172)/129. Let t = q + 6682. Is t prime?
True
Let l = -21 + 26. Suppose -3*u - s + 142 = 0, -4*u + l*s + 123 = -2*u. Suppose -3*x = -4*a + u, 2*a + 3*x - 68 = -3*a. Is a prime?
True
Let t = 125 + -112. Suppose -3790 = t*b - 15*b. Is b prime?
False
Let z be 23635 + -4 + 12 + -7.